the second derivative of -u**3/6 + 5*u**2/2 + 2*u. Give t(y).
0
Let y(q) = -3*q - 4*q - 1 + 6*q. Let d be ((-6)/2 + -2)*(-76)/95. Determine y(d).
-5
Let w = 96 - -35. Let o = w - 132. Let b(g) = -g - 1. Let r(s) = s**2 - 3*s + 1. Let k(x) = o*r(x) - 3*b(x). Determine k(5).
7
Let t be (2/8)/((-62)/(-6448)). Let s = -10 + -21. Let o = s + t. Let k(f) = -f**3 - 4*f**2 + 4*f - 2. Give k(o).
3
Let q(p) be the first derivative of p**7/840 - p**6/60 + p**5/24 + p**4/8 + 98*p**3/3 + 61. Let v(b) be the third derivative of q(b). What is v(5)?
3
Suppose -2*y = -5*v - 54, -3*y + 3*v - 45 = -108. Let l = 9 - y. Let m(p) = p**3 + 8*p**2 + p + 10. Calculate m(l).
2
Let v(c) = 3*c**3 + 6*c**2 + 2*c - 2. Suppose 378 - 132 = -3*w. Let f = w + 80. Give v(f).
-6
Let u(p) = 4*p**2 - 32*p + 4. Let r(t) = 3*t**3 + 21*t**2 + 7*t + 57. Let a be r(-7). Give u(a).
4
Let d(k) = 2*k**2 - k - 3. Let n be (-10 + 11)*(2 + -2). Give d(n).
-3
Let h(s) be the first derivative of s**3/3 + 4*s**2 + 5*s - 4. Let v be h(-8). Let d(t) = -8 + 0 + 2*t**2 + 2 + v. Determine d(-1).
1
Let l(m) = 12 - 79*m + 155*m + m**2 - 86*m. Let b(d) = d**3 - d**2 - 5*d + 4. Let x be b(3). Suppose -22 - 34 = -x*a. What is l(a)?
-4
Let b(u) be the first derivative of u**4/12 + 7*u**3/3 + 2*u**2 + 5*u + 48. Let w(p) be the first derivative of b(p). Give w(-6).
-44
Let l(p) = -4*p**2 - p**3 + 0 + 0 + 6*p. Let r be (-3)/7 + (0 - 580/35). Let s be (-24)/(-216) + r/(-9) + -7. What is l(s)?
-5
Let u(v) = -9*v**3 - 4*v**2 - 9*v - 11. Let p be u(-2). Let q be (-4)/(-18) + 553/p. Let j(i) = i - 12. What is j(q)?
-3
Let v(a) be the first derivative of 5*a**2 - 512*a - 2552. Give v(51).
-2
Let f be (2898/105 - 21) + (-4)/(-10). Let o(p) = -p**2 + 4*p + 18. What is o(f)?
-3
Let l(f) = 31*f**2 + 36*f + 4. Let u(x) = -93*x**2 - 99*x - 11. Let y(p) = -22*l(p) - 8*u(p). Give y(-1).
62
Let r(g) = -371*g**2 + 3809*g + 366*g**2 - 3809*g - 4 + 7. Calculate r(-1).
-2
Suppose 0 = -8*t - 8 - 0. Let f(x) = x - 2. Let j(w) = -3*w + 6. Let b(o) = 11*f(o) + 4*j(o). Let p be b(t). Let n(m) = 2*m**2 - 4*m + 1. Determine n(p).
7
Suppose -33 = -8*i - 65. Let z(y) = 1. Let v(a) = a - 8. Let q(j) = v(j) + 4*z(j). What is q(i)?
-8
Let k = 9 + -7. Let c(l) = 111*l**2 + 6 - l**3 + k*l - 8*l - 118*l**2. Suppose -4*u - 18 - 6 = 0. What is c(u)?
6
Let k be (-14)/(-49) - (-33)/7. Suppose 270 = -6*r + 16*r. Suppose -k*m = r + 23. Let c(l) = -l - 4. What is c(m)?
6
Let v(q) be the second derivative of -6*q**5/5 - q**4/12 + q**2/2 + 5*q. Suppose -48 = 4*f - 6*j - 14, 3*f + 8 = j. What is v(f)?
24
Let g be (3 - 1)/((-300)/155 - -2). Suppose 266 = -7*w - g*w. Let p(c) = c**2 + 6*c + 5. Calculate p(w).
12
Let d(p) = p**2 - 152*p - 1119. Let m be d(-7). Let j(x) = -81*x - 484. Calculate j(m).
2
Let y(x) be the third derivative of x**8/210 - x**7/2520 + x**5/120 + 91*x**4/24 - x**2 + 42*x. Let r(s) be the second derivative of y(s). Calculate r(-1).
-32
Let z = 2 - 0. Suppose 0 = z*s - s - 8. Let d(l) = l**3 - 7*l**2 - 10*l + 10. Let p be d(s). Let w(v) = v**3 + 7*v**2 + 5*v - 3. Calculate w(p).
3
Suppose 3 = 3*f - 3, 0 = h + f - 7. Suppose 2 + 7 = -j + 3*o, h*j - 50 = -4*o. Suppose 2 = j*m - 4. Let l(u) = 12*u**2 - 1. Give l(m).
11
Suppose -741 = 66*r - 873. Let i(u) = -26*u + 19. What is i(r)?
-33
Let u = -2 + 4. Suppose u*z - 7 = 1. Let r(t) = -5 + t - 9 + 11 - 1. Determine r(z).
0
Let z = 367314 + -367316. Let d(n) = n**3 - 2*n**2 - 3 + n + 2 + 0*n**3. Calculate d(z).
-19
Let c(l) = l**3 + 19*l**2 + 2*l + 42. Let t be (32 + 2037/(-63))*(57 - 0). Determine c(t).
4
Suppose -12 = -0*k - 2*k. Let b(s) be the first derivative of 253 - s**2 + 1/3*s**3 - 8*s. Determine b(k).
16
Let v = -254 + 256. Let m(h) = 19 - 26*h + v - 4 + 25*h + 11. What is m(0)?
28
Let x(u) = 10*u**2 + 4*u - 3. Let r be x(1). Let b(j) be the second derivative of -j**4/12 + 3*j**3/2 - 5*j**2/2 + 275*j. What is b(r)?
-27
Suppose 57*s + 60*s - 3 = -3. Let v(u) = -4*u - 92. Determine v(s).
-92
Suppose -7*q + 10 = -9*q. Suppose -t - 6 = -4*t. Let v(u) = -1 - 3*u + 3*u - t*u + u. What is v(q)?
4
Let n(y) = -4*y + 115. Suppose 212 = -2*h + 268. Give n(h).
3
Let k(i) = 4*i - 45. Let f be k(9). Let r be (-55)/(-4) - 16/(-64). Let z(y) = y**2 + r - 4 - 10*y + 7*y**2 + y**3 - 9. Calculate z(f).
10
Suppose -21 = h + 4*d - 7, -4 = -h + 5*d. Let j(n) = -22*n + 3 + 9*n + 2*n + 6*n + 4*n. What is j(h)?
9
Let h(m) = 4*m - 64. Let r(s) = -5*s + 100. Let k(d) = -8*h(d) - 5*r(d). Calculate k(4).
-16
Let t(i) = 35 + 188697*i - 188696*i - 73. What is t(-17)?
-55
Let t(m) = -m**3 + 14*m**2 - 7*m - 208. Let x be t(12). Let h(l) = -l**2 + 4*l + 22. What is h(x)?
-10
Let v(y) = 280*y + y**2 + 288*y - 4 + y**2 - 558*y. Let c be v(-5). Let f(i) be the second derivative of -i**3/2 - i**2/2 - i. Determine f(c).
11
Let w(r) = -8*r**2 - r - 46. Let h(k) = -3*k**2 + k - 23. Let z(l) = 5*h(l) - 2*w(l). Calculate z(-12).
37
Let o(x) = x**2 + 9*x + 7. Suppose 24*w - 23*w = 2*d + 20, -43 = 5*d + w. Give o(d).
7
Let f(n) = -n**3 + 6*n**2 - 5*n - 1. Let w = -135 + 22. Let u = -108 - w. Determine f(u).
-1
Let n = -393 - -398. Suppose 0 = -18*b + n*b - 91. Let p(w) = -w**2 - 8*w. Determine p(b).
7
Let q(s) be the second derivative of s**6/20 + s**5/20 + s**4/6 + s**3/2 - 141*s**2/2 - 59*s - 2. Let p(k) be the first derivative of q(k). What is p(-2)?
-41
Let a(v) be the first derivative of v**2/2 - 9*v + 84. Let r(c) = -2*c + 54. Let w be r(21). Determine a(w).
3
Let a = 38 - 40. Let q be a/(10/(-4) - -3). Let c(z) = -89*z - z**3 - 5*z**2 + 5 + 89*z. Calculate c(q).
-11
Suppose 216*w - 384 = 264. Let i(l) = -3*l**3 + 8*l**2 + 6. Give i(w).
-3
Let x(s) be the second derivative of s**4/12 - 2*s**3/3 - 3*s**2 + 750*s. Calculate x(4).
-6
Let p(r) = 33*r + 3. Let q(n) = -3*n**3 - 35*n**2 + 12*n - 1. Let x be q(-12). Give p(x).
-30
Let c(s) be the third derivative of -s**6/120 + 7*s**5/12 - 4*s**4/3 - 67*s**3/6 - 38*s**2. Let d be c(34). Let r(k) = 4*k**3 + 2*k**2 - k. Give r(d).
5
Let h(j) = 390*j - 8967. Let d be h(23). Let b(z) be the third derivative of 1/8*z**4 + 0 + 0*z**d + 0*z - 26*z**2 - 1/60*z**5. Give b(3).
0
Suppose -2*z + 2*w = -3*w - 13, -z - w = -3. Suppose z*q - 36 = -28. Suppose -5*t = 2*m + 13, -q*m + 3 + 8 = -3*t. Let c(h) = -3*h**2 - 5*h - 2. What is c(t)?
-14
Let u(m) be the second derivative of m**4/8 + 11*m**3/6 - 148*m**2 - 2*m - 161. Let j(o) be the first derivative of u(o). What is j(-6)?
-7
Let k(b) = -17*b**2 + 41*b + 109. Let p(n) = -7*n**2 + 17*n + 44. Let a(j) = -5*k(j) + 12*p(j). Calculate a(7).
25
Let m be (-11)/44 - 7/4. Let t(y) = 20*y + 3. Let x(g) = -18*g - 3. Let n(p) = 5*t(p) + 6*x(p). Calculate n(m).
13
Suppose 38 - 132 = -3*n + x, 123 = 4*n + x. Let g = 42 - n. Suppose 2*i - 8 = f, -5*i = -4*f + 3*f - g. Let o(z) = z**3 + 5*z**2 - 6*z - 4. Determine o(f).
-4
Suppose -3*y + 19 = -2*w, -49*y - 33 = 2*w - 54*y. Let v(g) = -4*g**2 - 17*g + 17. What is v(w)?
-4
Let s(p) be the third derivative of 0 - 1/60*p**5 + 0*p**3 + 7/24*p**4 + 15*p**2 + 0*p. Let g(t) = 6*t**2 - 6*t + 7. Let q be g(1). What is s(q)?
0
Let j(d) = -d**2 - 42*d - 402. Let n be j(-17). Let h(x) = x**3 - 24*x**2 + 23*x + 8. Determine h(n).
8
Let b = -5128 - -5103. Let n(p) = 3*p + 67. Determine n(b).
-8
Suppose -4*m + 2*u + 8 = -12, u + 13 = 3*m. Let l be 9/6 + (-2 - (-20)/8). Let b(y) = -l*y**2 - 4 - 6*y - 11*y - 5*y + 25*y. Determine b(m).
-13
Let l(k) be the first derivative of k**3 - 18*k**2 + k + 1678. Give l(12).
1
Let l(i) = -i**3 + 8*i**2 - 7*i + 5. Let j be 1135/11 - (10/55 - 0). Suppose -2*z = 65 + j. Let k = -77 - z. Give l(k).
5
Let n(h) = -8*h**2 + 11*h**2 - 3*h + 8*h - 246 - h**3 - 9*h**2 + 237. Calculate n(-7).
5
Suppose -88*q = -198 - 154. Let x(a) = -3*a + 3 + 0*a + 0*a. Give x(q).
-9
Let i(w) = -4*w**3 - 4*w**2 - 45*w + 3. Let q(n) = -3*n**3 - 3*n**2 - 36*n + 4. Let t(u) = -4*i(u) + 5*q(u). What is t(0)?
8
Let s(u) = -u**2 - 29*u + 70. Let q be ((234/(-18))/(-13))/((1 + 2)/(-93)). Determine s(q).
8
Let t(x) be the second derivative of x**6/120 + x**5/10 - x**4/12 + 5*x**3/6 + 3*x**2/2 - 2*x + 6. Let w(i) be the first derivative of t(i). Determine w(-7).
-30
Let i(l) = -l - 5. Let n(a) = a**3 - 17*a**2 - a - 73. Let f be n(17). Let u = 102 + f. Suppose -2*p + 5*c - 5 = u, 22 = -3*p + 4*c. What is i(p)?